+ -3. Let v = o - 139. What is h(v)?
-6
Suppose 0 = -2*c - 8, 5*c - 69 = 4*t + 19. Let y(n) = -n**3 - 27*n**2 - 2*n - 60. Give y(t).
-6
Let m(o) be the first derivative of o**2/2 + 26*o - 3245. Calculate m(-8).
18
Suppose -26 - 40 = -6*u. Suppose -q + o = -o + u, -5 = -o. Let w(c) = -c**3 - 1. Let r(a) = -a**3 + 1. Let y(g) = -5*r(g) - 5*w(g). Calculate y(q).
-10
Let b(n) = n**3 + 9*n**2 + 16*n + 2. Let s be 4/((-232)/377) - (-3)/2. Determine b(s).
22
Let k(i) = 7*i. Let d(t) = -t**2 + 9*t - 10. Let x(n) = -n**3 - 24*n**2 - 23*n + 8. Let j be x(-23). Let a be d(j). Give k(a).
-14
Let u(y) = -8*y**2 + 10*y - 229 + 225 + 2*y**3 - y**3. Let n be u(7). Suppose 6*r = 23*r + n. Let v(w) = 2*w - 1. What is v(r)?
-3
Let c(r) = 2*r**2 - 13*r + 23. Let y(u) = 2*u**2 - 16*u + 25. Let t(q) = 5*c(q) - 6*y(q). Calculate t(14).
7
Let b(p) be the third derivative of 0*p + 1/24*p**4 - 1/3*p**3 + 0 + 38*p**2. Let x be (-4 - 0)*(-1 - 0). What is b(x)?
2
Suppose 20 = 4*c, -3*c = 2*h + c - 20. Let i(y) = -y + 4*y + h*y - 3 + 3*y**2 + 6. Calculate i(-2).
9
Suppose 5*b = 8*b - p - 42, -4*b = -p - 55. Let t(m) be the first derivative of -1/2*m**2 + 14*m - b. Determine t(6).
8
Suppose -r = -0*r - 2. Let f be (-2)/(-4)*(r - 2). Let y(m) = -3*m**2 - m - 4. Let z(x) = 7*x**2 + 2*x + 9. Let o(p) = -5*y(p) - 2*z(p). What is o(f)?
2
Let f be (-1708)/156 + (-264)/5148. Let o(t) = -2*t**2 - 25*t. What is o(f)?
33
Let q(y) = 16*y + 2. Let i(p) = p**3 + 69*p**2 + 9*p + 625. Let t be i(-69). What is q(t)?
66
Suppose 2 = -0*x + 2*x - a, -a = 4*x - 10. Let b be (3/x)/(123/(-328)). Let h(d) = -3*d - 4. Determine h(b).
8
Let c be 4/(-5)*(225/(-18) + 10). Suppose 5*p = -c*i + 6 + 3, i = -p. Let v(j) = 10*j - 10. Give v(p).
20
Suppose 128*o = -9*o + 822. Let h(y) = 3*y**3 - 20*y**2 + 11*y + 2. What is h(o)?
-4
Let o(h) = 2*h + 5901044 - 5901063 + 14*h. What is o(1)?
-3
Let n(m) be the second derivative of m**4/12 - 17*m**3/6 + 37*m**2 + 800*m. Give n(11).
8
Let p(c) = 2*c**3 + 2*c**2 - 2*c. Let v(j) = j**3 + 12*j**2 - 2*j - 2. Let f be v(-12). Let x = 53 + f. Let a = -77 + x. Calculate p(a).
-4
Let q(h) = 33 - 92 - 404091*h - 67 + 404110*h. Calculate q(6).
-12
Let o(w) = 8*w**2 + 2*w + 150*w**3 - 10 - 55*w**3 - 44*w**3 + 8*w**2 - 49*w**3. What is o(-8)?
-26
Let a(j) = j + 23. Suppose -2*u + 3 = -4*y + 5, y - 18 = -3*u. Suppose -4*r = y*s + 6 + 10, -s = -4*r - 16. Give a(s).
23
Let c(v) = 6*v + 43*v - 5 - 11 - 18*v + 20. Calculate c(-1).
-27
Let j = -469 - -453. Let k be (2/(-2) + -14)*j/(-40). Let v(t) = 4*t + 22. Determine v(k).
-2
Let p(a) = -a**2 - 4*a - 1. Suppose 8*l + 8*l = 5*l. Suppose -16*t - 75 - 21 = l. Give p(t).
-13
Let n = -1822 + 1818. Let t(y) = -12*y - 37. Determine t(n).
11
Let x(d) = 17*d**2 + 41*d + 173. Let f(q) = -16*q**2 - 42*q - 171. Let w(v) = 15*f(v) + 14*x(v). Determine w(-25).
7
Let n = -11 + 3. Let u(d) be the second derivative of -d**3/2 - 9*d**2 - 2220*d + 10. Determine u(n).
6
Let d(t) = -46*t + 40. Let y(s) = -64*s + 61. Let i(z) = -7*d(z) + 5*y(z). What is i(-8)?
9
Let t(y) be the first derivative of -2*y**3/3 + 2*y**2 + 15*y + 4446. Determine t(0).
15
Suppose 3*o - 13 = a, -38 = a - 5*o - 15. Let n(r) = 7 - a + 2 + 2*r. Suppose 114 - 39 = -15*k. What is n(k)?
-3
Let w = 257 + -257. Let m(g) be the first derivative of g - 8 + 2/3*g**3 + w*g**2. What is m(1)?
3
Let d(y) be the third derivative of -y**7/840 + y**6/40 + y**5/15 + 5*y**4/12 - 8*y**3/3 + 58*y**2. Let n(r) be the first derivative of d(r). Give n(10).
-10
Let a(z) = z**3 + z**2 - z - 4. Let k(h) = -h**3 - 17*h**2 - 36*h + 18. Let b be k(-16). Let y = b - 340. Give a(y).
-6
Let v(r) = -3*r**2 - 358*r + 359. Let c be v(1). Let l(o) be the second derivative of o**4/3 - o**3/2 - 3*o**2/2 + o. Give l(c).
19
Let s = 197 - 152. Suppose -s*n + 27*n = -54. Let o(z) = -2*z - 3. Let w(v) = 3*v + 6. Let a(k) = -5*o(k) - 3*w(k). Give a(n).
0
Let g(l) be the second derivative of l**4/6 + 9*l**3/2 - 15*l**2 + 11*l + 201. Calculate g(-17).
89
Let c(z) be the first derivative of z**4/2 + 4*z**3/3 + z**2/2 + 2293. What is c(-3)?
-21
Let j(b) = b**3 + 12. Let p(q) = -2 - 49*q - 7*q**2 + 7 + 14*q**2 - 1. Let a be p(7). Let n be (a - 4)*(-2)/(-6). Determine j(n).
12
Let n = -474 - -477. Let m(v) = -6*v**2 + 93*v**3 + 5*v + 6 - 1 - 92*v**n. What is m(3)?
-7
Let r(u) = 3*u**2 + 2*u + 10. Suppose 0*w + 16*w + 30 = -18. What is r(w)?
31
Let g(d) = d**3 + 4*d**2 + 2*d - 3. Let o be g(3). Let x = o - 18. Let k(n) = -3*n**2 + x - 3*n + 4*n**2 - 52. Determine k(5).
6
Let b(f) = -f**3 + 8*f**2 - f + 6. Let g(p) = -23*p + 25. Let o be g(-9). Suppose -o = l - 30*l. What is b(l)?
-2
Let p(n) = -3*n - 14. Let v(z) = -81*z + 166. Let k be v(2). Give p(k).
-26
Let o(l) = l**2 - 11*l + 3. Suppose -3*s + 5*h = -2, -2*s - 12 = -5*h - 10. Let f be (2 - 1)*((-20)/s + 16). Determine o(f).
3
Let r(m) = -3 + 6*m + 5 + 10*m**2 - m**3 - 23*m**2 + 10*m**2. Determine r(-4).
-6
Let c(a) = -a**3 + 7*a**2 + 6. Let j be ((-10)/5)/(2/27). Let z be 0/j + 27 + (-4)/2. Suppose 0 = 2*f + 4*n - 3*n - 13, 4*f + 3*n - z = 0. Calculate c(f).
6
Let p(t) = 6*t**2 + 11*t. Suppose 7*k - k - 4 = 7*k. Determine p(k).
52
Let l(m) be the second derivative of -1/2*m**3 + 1/12*m**4 + 0 - 35*m - 3/2*m**2. What is l(4)?
1
Let j(u) = -u**3 + 7*u**2 - 5*u + 3. Suppose 0 = -2*q - 18*i + 17*i + 445, 4*i = 5*q - 1093. Let v = q + -217. What is j(v)?
31
Suppose j - 14 = -4*s, -2*j - s = -3*j - 1. Let d(r) = 2*r + 1 - j - 285*r**2 + 286*r**2 + 1. Let y = -4 - -1. What is d(y)?
3
Let b(h) = -h**3 - 2*h**2 + 3*h - 3. Suppose -u - 2*x = -3, -3*x - 2 = -8. Let p be u + 18 + -6 + 7 + -2. Let a = -19 + p. Determine b(a).
-3
Let k(i) = 13*i + 25. Let m = -113 - -111. Let x be k(m). Let h(u) = -u. Let y(l) = 9*l**2 + 4*l + 1. Let g(t) = 4*h(t) + y(t). What is g(x)?
10
Let z(g) = g**2 - 47*g + 162. Let s(a) = 41*a**2 + 406*a - 404. Let b be s(1). Calculate z(b).
-10
Let k be (-2 - 24/(-6))*66/(-12). Let v(n) = -n**3 - 10*n**2 + 7*n + 1. What is v(k)?
45
Let r(u) = -8*u - 9. Let d(j) = 7*j + 6. Let b(g) = 5*d(g) + 4*r(g). Calculate b(6).
12
Let a = 8 - 11. Let n(d) = -263*d**2 + 3 + 264*d**2 + 172*d + 2 - 168*d. What is n(a)?
2
Let f(k) = 43*k**3 - 136*k**2 - 280*k + 1673. Let q(g) = -13*g**3 + 41*g**2 + 84*g - 502. Let s(p) = 10*f(p) + 33*q(p). Determine s(8).
4
Let l be 1/(4/4)*28. Suppose -l*k + 32*k = 12. Let w(h) = 2*h**2 + 253 + 0*h + 2*h**2 + h**k - 252 + 2*h. Determine w(-4).
-7
Let f be (((-9)/(-4))/(57/38))/(3/(-8)). Let j(m) = -1 - 1 + 3*m - 3*m + 2*m**2 + 3*m. Determine j(f).
18
Suppose 7*g - 36 = -1. Let i(y) = y**2 + 5*y**2 + 8*y - 1 - g*y**2 - 3. What is i(-8)?
-4
Let s(r) = -16*r - 128. Let b(k) = -32*k - 265. Let m(g) = -3*b(g) + 7*s(g). What is m(-6)?
-5
Let x(z) = -z**2 - 75*z - 716. Let t be x(-64). Let j(k) = -k - 3 + 21 + 2*k. What is j(t)?
6
Let c(z) be the first derivative of z**4/4 - 3*z**3 + 6*z**2 + 14*z - 25. What is c(7)?
0
Let y(s) be the second derivative of -s**3/6 - s**2/2 - 1299*s. Give y(-12).
11
Let v(i) = -3*i**3 + 2*i**2 - 2. Let m be v(-1). Let l(o) = 126 + 3*o - m*o - 2*o - 135. Suppose 8 = 2*c + 4*j, -2*c + 6*c + 5*j = 1. Calculate l(c).
3
Let a(v) = -v**3 - 2*v**2 - 3*v - 1. Let l(p) = p**3 - 2*p**2 - 26*p + 27. Let y be l(1). Determine a(y).
-1
Let w(a) = -8*a + 13. Let x(f) = 7*f + 10*f + 0*f - 27. Suppose 4*j = 5*j - 6. Let c(b) = j*x(b) + 13*w(b). Calculate c(6).
-5
Suppose l - 10 = n, -5*l + 1 = 3*n - 9. Suppose o + 2 = 4*w, 0 = 3*o + 2*w - 3*w - l. Let z(j) = -13*j**2 + 36*j**2 - 13*j**o - 8*j**2 + 1. Give z(1).
3
Let s(k) = k**2 + 2. Let g be 4032/240*(-20)/(-6). Let d = -58 + g. Calculate s(d).
6
Let a(q) = q**2 - 3*q - 8. Let m = -36 - -39. Let w be (m - (4 + 0))*-73. Let g = w - 67. Give a(g).
10
Suppose 2*v - 2 = 4*o - 6, -5*o - 5*v = -35. Suppose 0 = -o*y + 11 + 1. Suppose 0 = 4*m - y*t - 32, 3*m - 3*t = m + 21. Let d(c) = -c - 1. Determine d(m).
-4
Let c(i) = i**3 + 5*i**2 - 3*i - 7. Suppose -276 = -34*r + 166. Suppose r = -2*b - m, -18*b + 4*m = -17*b + 2. Calculate c(b).
-25
Let c(a) = -a**3 - 12*a**2 + 13*a - 25. Suppose 61*k - 84*k = 122 + 177. Give c(k).
-25
Suppose -3*r = -5*t + 14, -3*r - 6 = -0*r - 3*t. Let d(a) = 1 + r*a**3 + 0*a**3 - a**2 + 2*a + 3*a**2 - a**2. Let p = -2360 + 2358. Calculate d(p).
-15
Let a(y) 